at is the units digit of 2275?
5
What is the units digit of 1622?
2
What is the hundreds digit of 1199?
1
What is the hundreds digit of 1746?
7
What is the tens digit of 9332?
3
What is the tens digit of 982?
8
What is the hundreds digit of 15700?
7
What is the units digit of 1075?
5
What is the ten thousands digit of 119808?
1
What is the tens digit of 5052?
5
What is the thousands digit of 15423?
5
What is the thousands digit of 1724?
1
What is the tens digit of 357?
5
What is the tens digit of 104414?
1
What is the units digit of 1103?
3
What is the units digit of 338?
8
What is the hundreds digit of 3088?
0
What is the hundreds digit of 412?
4
What is the hundreds digit of 16506?
5
What is the thousands digit of 1226?
1
What is the tens digit of 2170?
7
What is the units digit of 17322?
2
What is the hundreds digit of 29780?
7
What is the hundreds digit of 244?
2
What is the thousands digit of 42559?
2
What is the units digit of 769?
9
What is the hundreds digit of 73897?
8
What is the ten thousands digit of 20767?
2
What is the thousands digit of 28516?
8
What is the tens digit of 6401?
0
What is the units digit of 9654?
4
What is the units digit of 2506?
6
What is the thousands digit of 17408?
7
What is the thousands digit of 1294?
1
What is the ten thousands digit of 14802?
1
What is the tens digit of 9851?
5
What is the hundreds digit of 27246?
2
What is the tens digit of 2923?
2
What is the units digit of 20230?
0
What is the units digit of 1506?
6
What is the hundreds digit of 8753?
7
What is the units digit of 1381?
1
What is the hundreds digit of 707?
7
What is the tens digit of 1177?
7
What is the ten thousands digit of 45203?
4
What is the units digit of 1460?
0
What is the units digit of 55779?
9
What is the thousands digit of 4603?
4
What is the hundreds digit of 3053?
0
What is the thousands digit of 69891?
9
What is the hundred thousands digit of 108706?
1
What is the units digit of 698?
8
What is the hundreds digit of 2862?
8
What is the hundreds digit of 387?
3
What is the tens digit of 1862?
6
What is the units digit of 87913?
3
What is the units digit of 5933?
3
What is the tens digit of 36659?
5
What is the units digit of 29937?
7
What is the thousands digit of 1295?
1
What is the units digit of 5498?
8
What is the tens digit of 3816?
1
What is the units digit of 17043?
3
What is the units digit of 40?
0
What is the ten thousands digit of 63868?
6
What is the units digit of 272?
2
What is the tens digit of 17701?
0
What is the hundreds digit of 4332?
3
What is the tens digit of 8494?
9
What is the ten thousands digit of 38808?
3
What is the hundreds digit of 158?
1
What is the units digit of 7171?
1
What is the tens digit of 2093?
9
What is the units digit of 886?
6
What is the units digit of 69135?
5
What is the units digit of 41836?
6
What is the thousands digit of 2266?
2
What is the thousands digit of 4936?
4
What is the hundreds digit of 2579?
5
What is the tens digit of 71?
7
What is the hundreds digit of 11906?
9
What is the tens digit of 20069?
6
What is the units digit of 607?
7
What is the thousands digit of 6050?
6
What is the tens digit of 5711?
1
What is the ten thousands digit of 19812?
1
What is the units digit of 1357?
7
What is the units digit of 1459?
9
What is the hundred thousands digit of 124300?
1
What is the hundreds digit of 10200?
2
What is the units digit of 860?
0
What is the hundreds digit of 17710?
7
What is the tens digit of 517?
1
What is the ten thousands digit of 158484?
5
What is the tens digit of 3245?
4
What is the thousands digit of 8365?
8
What is the tens digit of 74985?
8
What is the hundreds digit of 2256?
2
What is the tens digit of 2779?
7
What is the thousands digit of 52273?
2
What is the units digit of 7973?
3
What is the hundreds digit of 128648?
6
What is the thousands digit of 1620?
1
What is the hundreds digit of 22534?
5
What is the hundreds digit of 5267?
2
What is the hundreds digit of 2391?
3
What is the tens digit of 3097?
9
What is the tens digit of 1476?
7
What is the units digit of 934?
4
What is the units digit of 1067?
7
What is the tens digit of 1135?
3
What is the tens digit of 6411?
1
What is the hundreds digit of 8329?
3
What is the hundreds digit of 10203?
2
What is the ten thousands digit of 57645?
5
What is the thousands digit of 12422?
2
What is the tens digit of 3469?
6
What is the units digit of 656?
6
What is the tens digit of 137?
3
What is the hundreds digit of 16895?
8
What is the units digit of 5030?
0
What is the units digit of 10085?
5
What is the thousands digit of 7749?
7
What is the hundreds digit of 6486?
4
What is the tens digit of 392?
9
What is the tens digit of 19061?
6
What is the hundreds digit of 158732?
7
What is the units digit of 3310?
0
What is the units digit of 4558?
8
What is the ten thousands digit of 39282?
3
What is the thousands digit of 7030?
7
What is the ten thousands digit of 17558?
1
What is the units digit of 2571?
1
What is the hundreds digit of 417?
4
What is the hundreds digit of 109406?
4
What is the ten thousands digit of 12495?
1
What is the thousands digit of 2950?
2
What is the hundreds digit of 7226?
2
What is the hundreds digit of 163876?
8
What is the hundreds digit of 3522?
5
What is the units digit of 29511?
1
What is the hundreds digit of 3895?
8
What is the thousands digit of 23256?
3
What is the tens digit of 3385?
8
What is the units digit of 761?
1
What is the thousands digit of 1049?
1
What is the units digit of 137?
7
What is the thousands digit of 22729?
2
What is the thousands digit of 8335?
8
What is the ten thousands digit of 36125?
3
What is the units digit of 1415?
5
What is the thousands digit of 2673?
2
What is the hundred thousands digit of 162034?
1
What is the tens digit of 1088?
8
What is the thousands digit of 45359?
5
What is the units digit of 33250?
0
What is the units digit of 2183?
3
What is the ten thousands digit of 24981?
2
What is the hundreds digit of 37877?
8
What is the tens digit of 450?
5
What is the ten thousands digit of 106361?
0
What is the units digit of 3253?
3
What is the units digit of 647?
7
What is the hundreds digit of 1011?
0
What is the thousands digit of 45669?
5
What is the ten thousands digit of 22329?
2
What is the ten thousands digit of 12515?
1
What is the units digit of 2913?
3
What is the thousands digit of 48515?
8
What is the hundreds digit of 34530?
5
What is the units digit of 1034?
4
What is the units digit of 136864?
4
What is the units digit of 12022?
2
What is the units digit of 5224?
4
What is the units digit of 7262?
2
What is the hundreds digit of 194?
1
What is the tens digit of 73?
7
What is the tens digit of 862?
6
What is the units digit of 4808?
8
What is the thousands digit of 2225?
2
What is the ten thousands digit of 153990?
5
What is the tens digit of 9494?
9
What is the thousands digit of 68704?
8
What is the units digit of 10513?
3
What is the thousands digit of 7363?
7
What is the units digit of 2336?
6
What is the units digit of 73?
3
What is the tens digit of 25949?
4
What is the units digit of 73871?
1
What is the tens digit of 2523?
2
What is the hundreds digit of 819?
8
What is the ten thousands digit of 69892?
6
What is the tens digit of 50039?
3
What is the thousands digit of 47125?
7
What is the units digit of 55105?
5
What is the thousands digit of 50754?
0
What is the hundreds digit of 31210?
2
What is the tens digit of 15070?
7
What is the hundreds digit of 7327?
3
What is the hundreds digit of 36295?
2
What is the hundreds digit of 6605?
6
What is the units digit of 138?
8
What is the units digit of 211?
1
What is the hundreds digit of 25005?
0
What is the tens digit of 8536?
3
What is the thousands digit of 30293?
0
What is the hundreds digit of 39300?
3
What is the hundreds digit of 8783?
7
What is the thousands digit of 7661?
7
What is the units digit of 57414?
4
What is the units digit of 65726?
6
What is the units digit of 1360?
0
What is the tens digit of 22641?
4
What is the tens digit of 52?
5
What is the hundreds digit of 36808?
8
What is the units digit of 344?
4
What is the units digit of 1309?
9
What is the hundreds digit of 231?
2
What is the thousands digit of 9468?
9
What is the thousands digit of